= -s*h - 3*z + 34. What is the tens digit of h?
2
Suppose -4 = -d - 0*d. Suppose -3*x - q + 18 = d, -2 = -q. What is the tens digit of (-104)/(-10) + x/(-10)?
1
Let u(m) = 6*m + 13. Let h(p) = -13*p - 27. Let b(x) = 3*h(x) + 7*u(x). What is the tens digit of b(9)?
3
Let i = -5 - -8. Suppose 2*z + c = 27, 5*z - 37 = 3*z + c. Suppose -i*s = -s - z. What is the units digit of s?
8
Suppose 0 = -3*q - 15, -5*p + 8*q - 145 = 4*q. Let d = 54 + p. What is the units digit of d?
1
Let t = -5 + 13. Let p be (-4)/(-2) - (-3 - -2). Suppose 2*a + p*q = 24 + t, 2*a = -q + 28. What is the tens digit of a?
1
Let p = -25 + 32. What is the units digit of p?
7
Suppose -2*r - 2*r = -12. Let t(q) = -9*q - r + 10*q - 3. What is the units digit of t(9)?
3
Let b = -11 - -46. Let w(j) = -j**2 + 4*j - 3. Let z be w(3). Suppose z*g = 5*g - b. What is the units digit of g?
7
What is the units digit of 2520/32 + (-1)/(-4)?
9
Let z be 3/(-5) + 18/5. Suppose 4*k = -3*p + 43, 16 = -p + 2*p + z*k. What is the units digit of p?
3
Suppose -5*m - 5*g + 80 = 0, 5*m - 2*g = 2*g + 35. Let s be (4/6)/(6/(-9)). Let j = m - s. What is the tens digit of j?
1
Suppose 0 = w - 2*u - u - 12, 0 = w - 5*u - 20. Suppose g - 4*g - 9 = w. What is the units digit of (g/(-9))/(2/6)?
1
Let j(m) = 2*m - m**2 + 6*m**2 - 2*m. What is the tens digit of j(2)?
2
Let x(j) = 8*j - 9. Let u(s) = 5*s**2. Let c be u(1). Let p(h) = -h + 1. Let a(b) = c*p(b) + x(b). What is the units digit of a(3)?
5
Suppose 836 = 4*n + 116. What is the units digit of n?
0
Let r(t) = -12*t - 5. What is the units digit of r(-7)?
9
Suppose c + 2 + 3 = 3*j, -2 = c. Let m be (-18)/(-4) - j/(-2). Let v = m + -3. What is the units digit of v?
2
Let f = -3 - -5. Let m = -1 + f. Suppose -5 + m = -2*o. What is the units digit of o?
2
Suppose 4*w - 13 + 89 = 0. Let v = 33 + w. What is the tens digit of v?
1
Let q(i) = 7*i**3 - i**2 - 4*i. Let w be q(2). Let f be (1 - 6)/(1/4). What is the units digit of w/10 + 8/f?
4
Let a = 75 - -55. What is the units digit of a?
0
What is the units digit of 63/147 + (-1604)/(-14)?
5
Let x(z) = 2*z**3 - 1 + z + 0*z - z**2 + 2*z**3. Let w be x(1). Suppose s - 1 = w. What is the units digit of s?
4
Suppose 0*t = 5*t + 2*g - 21, t = 4*g - 9. Suppose -r + t + 0 = 0. What is the units digit of r?
3
Suppose 3*q - 107 = -a - 3*a, 0 = -4*q + 3*a + 126. What is the tens digit of q?
3
Let g(n) be the second derivative of -n**5/20 - n**4/6 + n**3/6 - 2*n**2 - 2*n. What is the units digit of g(-4)?
4
Suppose -v = 5 - 59. Let j = v - 31. What is the units digit of j?
3
Suppose r = j + 2*r - 185, -929 = -5*j - 4*r. What is the units digit of j?
9
Let z = 3 - 3. Suppose z*k = -2*k + 16. What is the units digit of k?
8
Suppose 60 = 5*j + 275. Let r = -26 - j. What is the units digit of r?
7
Suppose -2*o - 21 = -5*u - o, -9 = -5*u + 4*o. Suppose -u*m + 65 = -3*y, 0 = y + y - 10. What is the tens digit of m?
1
Let v = -90 - -135. What is the tens digit of v?
4
Let h be 2/(-5)*-20*2. Suppose -m + 0*m + 15 = -5*f, -m + f = -7. Suppose -q - l = 2*l - h, q + m*l = 22. What is the units digit of q?
7
Let j = 56 - -4. What is the tens digit of j?
6
Let q = 20 + 55. What is the tens digit of q?
7
Let m be (2 - (-2)/(-2)) + 1. Suppose -x - m*z = 3*z - 29, -5*z = 3*x - 47. What is the units digit of x?
9
Let i = 67 + -32. What is the tens digit of i?
3
Suppose 2*b - 3*r + 19 = 6*b, b - 5*r + 1 = 0. Let a = b + -3. Let o(w) = 11*w**3 + 1. What is the tens digit of o(a)?
1
Suppose -2 = 85*j - 86*j. Let t(g) = -10*g**3 - g**2 - 2*g. Let b be t(-2). What is the tens digit of ((-2)/(-4))/(j/b)?
2
Suppose 5*s - j - 3*j - 32 = 0, 9 = -3*j. Suppose y - 5*o = -8*o - 59, 5*y - 2*o + 210 = 0. What is the units digit of y/(-10) - s/10?
4
Suppose -403 = 11*d - 3274. What is the tens digit of d?
6
Suppose -1 = -3*j - 0*j - x, 4*j = 4*x + 12. Suppose -5 = 5*w - 25. What is the units digit of (12 - w) + j*-1?
7
Let t = -186 + 490. What is the hundreds digit of t?
3
Let m(r) = -r**2 - r + 5. Let h be m(-4). Let a(i) = -i + 3. What is the units digit of a(h)?
0
Let w be (-14)/(-3) + 3/9. Let b = 2 + 1. Suppose -i - 4*n = -n + 4, w*i - 28 = -b*n. What is the units digit of i?
8
Suppose -o = 3*o + 5*t - 12, -o = t - 4. What is the units digit of o?
8
What is the units digit of (12/(-8))/(3/(-28))?
4
Let u(h) = h**3 - 10*h**2 - 9*h + 4. What is the tens digit of u(11)?
2
Let w = 94 - 64. Suppose -2*i = 3*i + w. What is the units digit of (-8)/i - 12/(-18)?
2
Let u = -124 + 237. What is the hundreds digit of u?
1
Suppose -r = -2 - 6. Let u = -6 + r. What is the units digit of u?
2
What is the units digit of (-24)/(-56) - 4/(-7)?
1
Let p be (-18)/4 - (-15)/(-10). Let m be p/(-8) + (-27)/(-12). Suppose -2*z = -3*x + 13, -m*x + z + 9 = -x. What is the units digit of x?
5
Suppose -s = -2*s + 9. Let r(p) = p**3 - 9*p**2 - 2*p + 11. Let m be r(s). Let n = -2 - m. What is the units digit of n?
5
Let p(w) = -w**3 - 8*w**2 - 8*w + 8. What is the tens digit of p(-7)?
1
Let x(q) = -5 + 5 - 3*q**2 + 4 + q**3. Suppose -6*o + 2*o + 12 = 3*s, -4*s = 3*o - 9. What is the units digit of x(o)?
4
Let l = -7 + 7. Suppose l = 3*r - 6*r + 60. What is the tens digit of r?
2
Let c = 20 - 18. What is the units digit of 1/c - (-41)/2?
1
Let u(f) = -f**3 - 8*f**2 + 4. Let h be u(-8). Suppose 5*a + 25 = 0, -h*a + 0 = n + 14. What is the units digit of n?
6
Let y = -6 - -11. Suppose -5*b + 5*p = -15, -y*b + 4*p = -0*p - 17. Suppose -18 = -3*n + 5*h, 0*n + n = -b*h - 14. What is the units digit of n?
1
Let p = -22 + 34. Let d = -8 + p. What is the units digit of d?
4
What is the tens digit of (-78)/(-3)*(-15)/(-10)?
3
Let d = -70 - -268. What is the hundreds digit of d?
1
What is the tens digit of (-1)/2*(-200)/4?
2
Suppose -a = -5 + 4. Let c = a + 9. What is the tens digit of c?
1
Let h = 5 + -1. Suppose 2*g - 12 = 6*g - h*v, 0 = 2*v - 6. Suppose g = 4*j + j - 5. What is the units digit of j?
1
Suppose 8 = -2*u - 6. Let p(g) = -4*g - 2. What is the units digit of p(u)?
6
Suppose -3*g + g = 20. Let j(s) = 15*s**2 + 8*s - 4*s**2 - 8 + s + s**3. What is the units digit of j(g)?
2
Let f be (1 + 0/(-2))*-8. Let h = -1 - f. What is the units digit of h?
7
Let y(q) = -q**3 + 3*q**2 - 3*q + 3. Let v be y(2). Suppose 4*n - 5*d + 24 = 0, 4*d - 3*d = -3*n + v. What is the units digit of -1*(n + 2)*-4?
4
Let n(c) = 19*c**2 - 1. Let l be n(2). Suppose 0 = -5*v - 5*m + l, 0 = 3*v + v - 2*m - 90. Suppose -2*p = 3*p - v. What is the units digit of p?
4
Let c(q) = -q**3 - q + 1. Let t be 1 + 0 - -2 - 7. Let f(a) = -5*a**3 + 4*a**2 - 4*a + 6. Let n(z) = t*c(z) + f(z). What is the units digit of n(4)?
2
Let s(f) = -f**3 + 6*f**2 - f - 5. Let d be s(5). Suppose r + 3*x = 5*x + d, -2*x + 30 = 4*r. What is the units digit of r?
9
Suppose -28 = -g + 3*f, 2*g = 4*f - 6 + 60. What is the tens digit of g?
2
Suppose y = 41 + 48. What is the tens digit of y?
8
Let y be 6/(-1 - 3/(-5)). Let f = 31 - 42. Let s = f - y. What is the units digit of s?
4
Let v(f) = f. Suppose -d - 2*o - 64 = 3*d, -5*d - 5*o = 70. Let j = -11 - d. What is the units digit of v(j)?
7
Let q = 55 + -57. Let n be (-6*(-14)/(-4))/1. What is the units digit of 15/(n/(-6) + q)?
0
Let h = 31 - 18. What is the tens digit of h?
1
Let o(q) = 3*q - 4. Let g(l) = -8*l + 11. Let r(v) = -4*g(v) - 11*o(v). What is the units digit of r(-5)?
5
Let l(y) = 3*y + 3. Let h be l(-5). Let f = h - -20. What is the units digit of f?
8
Let k = -25 + 37. Let p = k - 7. Suppose -3*b + 2 = -5*u - p, -b + u + 3 = 0. What is the units digit of b?
4
Let p(b) = b**3 - 10*b**2 + 9*b + 5. Let r be p(9). Suppose -2*t = -8, 52 = r*n - 3*n + 5*t. What is the tens digit of n?
1
Let x = -39 - -286. What is the units digit of x?
7
Let l(p) = 4*p**2 + 3*p - 1. Let f be l(3). What is the tens digit of -6*(-2 + f/(-12))?
3
Let a be (-9)/(-2) + (-3)/6. Let z be (-5)/(-10)*a/(-2). What is the units digit of 4/(2*z) + 9?
7
Let k be 6/(-4)*(-20)/6. Let p = 24 - k. What is the units digit of p?
9
Suppose 0 = 4*c - h, -2*c - c = -4*h + 13. Let w be (-1 + 0)*c*-3. Suppose 3 = w*t, 16 = 2*x + 3*t - 3. What is the units digit of x?
8
What is the units digit of 262 - ((-2)/(-6))/((-14)/84)?
4
Suppose 0 = -7*z + 2*z + 50. What is the units digit of z/(-40) - 162/(-8)?
0
Let l(z) = 